{"id":3215,"date":"2018-12-20T11:24:51","date_gmt":"2018-12-20T10:24:51","guid":{"rendered":"https:\/\/cftc-xerox.org\/xgs\/?page_id=3215"},"modified":"2018-12-20T11:25:37","modified_gmt":"2018-12-20T10:25:37","slug":"adhesion","status":"publish","type":"page","link":"https:\/\/cftc-xerox.org\/xts\/adhesion\/","title":{"rendered":"Adh\u00e9sion"},"content":{"rendered":"T\u00e9l\u00e9charger le bulletin d&rsquo;adh\u00e9sion au SICSTI-CFTC : Bulletin au format&nbsp;MS WordBulletin au format&nbsp;PDF <a href=\"https:\/\/cftc-xerox.org\/xts\/adhesion\/\" class=\"more-link\">(suite\u2026)<\/a>","protected":false},"excerpt":{"rendered":"<p>T\u00e9l\u00e9charger le bulletin d&rsquo;adh\u00e9sion au SICSTI-CFTC : Bulletin au format&nbsp;MS Word Bulletin au format&nbsp;PDF (suite\u2026)<\/p>\n","protected":false},"author":7,"featured_media":0,"parent":0,"menu_order":0,"comment_status":"closed","ping_status":"closed","template":"","meta":{"footnotes":""},"class_list":["post-3215","page","type-page","status-publish","hentry","entry"],"_links":{"self":[{"href":"https:\/\/cftc-xerox.org\/xts\/wp-json\/wp\/v2\/pages\/3215","targetHints":{"allow":["GET"]}}],"collection":[{"href":"https:\/\/cftc-xerox.org\/xts\/wp-json\/wp\/v2\/pages"}],"about":[{"href":"https:\/\/cftc-xerox.org\/xts\/wp-json\/wp\/v2\/types\/page"}],"author":[{"embeddable":true,"href":"https:\/\/cftc-xerox.org\/xts\/wp-json\/wp\/v2\/users\/7"}],"replies":[{"embeddable":true,"href":"https:\/\/cftc-xerox.org\/xts\/wp-json\/wp\/v2\/comments?post=3215"}],"version-history":[{"count":0,"href":"https:\/\/cftc-xerox.org\/xts\/wp-json\/wp\/v2\/pages\/3215\/revisions"}],"wp:attachment":[{"href":"https:\/\/cftc-xerox.org\/xts\/wp-json\/wp\/v2\/media?parent=3215"}],"curies":[{"name":"wp","href":"https:\/\/api.w.org\/{rel}","templated":true}]}}